**3 - 10*l. What are the prime factors of y(-16)?
2, 3
Let w(y) = 2*y**3 + y**2 - 10. Suppose 3*k = 9, -4*v + 3*k = k - 6. Suppose -v*r = r - 16. List the prime factors of w(r).
2, 67
List the prime factors of (-5446)/(252/36 - (2247/(-45))/(-7)).
3, 5, 7, 389
Suppose 3*h - 2*k - 60934 = 0, 4*k = 71*h - 68*h - 60950. List the prime factors of h.
2, 11, 13, 71
Suppose 0 = 4*o - 3 + 99. Let w be ((-4)/(-6))/(-4*2/o). Suppose -16 = -4*y, -w*y - 214 = -c - 0*y. List the prime factors of c.
2, 3, 37
Let r(j) be the third derivative of j**4/24 + j**3/6 + 16*j**2. Let y be r(-7). List the prime factors of 8/y - 495/(-27).
17
Suppose -2*d = 6*r - 4*r - 20840, -2*d - r + 20847 = 0. List the prime factors of d.
10427
Suppose -50 = -5*x - d + 6*d, -2*d = -x + 15. Suppose 0 = -x*f + 71 - 6. What are the prime factors of f?
13
Suppose 0*t = -4*t + 4632. Let b = t + -649. List the prime factors of b.
509
Let p(z) be the first derivative of -z**4/2 + 17*z**3/3 + z**2 - 27*z + 156. List the prime factors of p(7).
2, 67
Suppose 7*u - 5987 - 1027 = 0. What are the prime factors of u?
2, 3, 167
Let z = 30 + -25. Suppose -z*c + 656 = -1354. Suppose -1112 + c = -5*i. What are the prime factors of i?
2, 71
Let o = 15 + -11. Suppose y - 3*y + o = 0. Suppose -h + 16 + 4 = -3*n, 0 = -3*h + y*n + 88. What are the prime factors of h?
2
What are the prime factors of (2497/(-22))/((-35)/(-42) - 1)?
3, 227
Suppose 4*z - 5*h - 21103 = 0, -2*z + 8788 + 1766 = -2*h. List the prime factors of z.
2, 19, 139
Let h(q) = 811*q**2 + 93*q - 256. What are the prime factors of h(3)?
2, 7, 523
Let p = 340 + 125. Suppose 2*u - 143 = p. What are the prime factors of u?
2, 19
Let s(f) = 106*f**3 - 11*f**2 - 147*f + 1115. What are the prime factors of s(8)?
53507
Let n = -3781 - -20604. What are the prime factors of n?
16823
Suppose 4*x - 3951 = -d + 3911, 5*d - 3*x - 39287 = 0. What are the prime factors of d?
2, 3929
Suppose 3*m - 846528 = -2*m - 27*m. What are the prime factors of m?
2, 3, 4409
Let c = -141 - -142. Let t(i) be the third derivative of i**6/12 + i**4/12 - i**3/3 + i**2. List the prime factors of t(c).
2, 5
Let t(c) = -3*c**3 - 82*c**2 - 81*c - 7. List the prime factors of t(-28).
7, 547
Let q(h) = 4*h**2 + 96*h**3 - 39 - 40 + 73. List the prime factors of q(2).
2, 389
Let t = -1956 + 1996. List the prime factors of t.
2, 5
Let p(r) = -2*r**3 - 113*r**2 - 76*r - 191. List the prime factors of p(-56).
929
Suppose -15*n - 10177 = 548. List the prime factors of ((1/1)/(-1))/(11/n).
5, 13
Let n = 87 - 69. What are the prime factors of 16/(-6)*n/12 - -263?
7, 37
What are the prime factors of -3119*((-6)/(-14) + 230/(-161))?
3119
Let m(j) = 10*j**3 + 7*j**2 - j - 2. Let h be m(-3). Let i = 453 + h. What are the prime factors of i?
13, 19
Let f(g) = -6*g - 6*g**2 - 2 + 7*g + 8*g**2. What are the prime factors of f(10)?
2, 13
List the prime factors of -3*4/42 - (-5228843)/161.
47, 691
Suppose 0 = -4*x + 4786 + 1122. What are the prime factors of x?
7, 211
Let j(t) = 13*t**2 - 6*t - 2165. What are the prime factors of j(-48)?
5, 1123
List the prime factors of (83/(-2) - -5)*(-13)/(78/2328).
2, 73, 97
Let v(m) = -37*m**2 - 5*m. Let f be v(-4). Let i be 35/(210/808)*-3. Let r = i - f. What are the prime factors of r?
2, 3, 7
Let b = -41941 - -59366. What are the prime factors of b?
5, 17, 41
Suppose 0 = -4*n - 4*i + 2 + 2, 3*n = -i + 1. Let c(w) = -10 + 6*w + 9 + 2*w**2 - 2*w + n. What are the prime factors of c(-5)?
29
Let x(d) = d**2 + 14*d + 12. Let b be x(-13). Let q = -26 + 49. Let u = q - b. What are the prime factors of u?
2, 3
Let h be 5/10*(-8)/12*-15. Suppose -h*y + 5*m = -635, 2*m + 2 = -2. What are the prime factors of ((-20)/(-15))/(y/123 - 1)?
2, 41
Let a = 15 + -12. Suppose -u - 3*g - 25 = -a*u, 35 = 3*u - 4*g. Suppose 4*x = l + 211, x - u*x + 2*l = -210. List the prime factors of x.
53
Suppose 12*y = 15*y - 1977. Suppose z - 3*g = y, -3*z + 18*g - 13*g + 1969 = 0. What are the prime factors of z?
653
Let x = 119 - 116. Suppose 2*q = -i + 1237, 3*q + 479 = x*i + 2321. What are the prime factors of q?
617
Let o = -165 + 137. What are the prime factors of 4208/14 + (-12)/o?
7, 43
Suppose -2*a + 41608 = 5*q + 8231, 4*a - 66712 = -4*q. What are the prime factors of a?
3, 5557
List the prime factors of (1 - ((-30)/(-8))/(84/(-819616))) + 8.
36599
Suppose -4*h - 3*h + 42 = 0. List the prime factors of (4/h)/((-8)/(-6672)).
2, 139
Let c be (-1 + 1/(-1))*(-26)/4. Suppose 2*o = 2*b + o + c, 0 = -3*o + 15. Let s(w) = -w**3 - 2*w**2 + 2*w + 8. What are the prime factors of s(b)?
2
Let o(g) = 411*g**2 - 107*g + 210. What are the prime factors of o(13)?
2, 7, 4877
Suppose 0 = -3*r + 1937 - 485. Let q = r + -51. What are the prime factors of q?
433
Suppose -13*u - 3030 = -8*u. Let v = u - -871. List the prime factors of v.
5, 53
Suppose -4*w = -2*v - 12, 3*v + 4 - 1 = 3*w. Suppose -w*m = -23 + 3. Suppose 94 = 5*u + 5*a - 166, 4*a = m*u - 208. What are the prime factors of u?
2, 13
Let b be (-2)/8 + 203/28. Suppose 2*v = -b*v + 864. Suppose 6*c - v = 54. What are the prime factors of c?
5
Suppose -6*g + 225 = -3*g. Let i = 49 - 137. Let p = g - i. List the prime factors of p.
163
Let k(t) = -2*t - 14. Let w be k(-8). Suppose -5*m = c - w*m + 1, -2*c = -4*m + 12. What are the prime factors of (-2)/c*(170 - 6)?
2, 41
Let i(g) = -131*g**3 + 5*g**2 + 16*g + 7. What are the prime factors of i(-2)?
7, 149
Suppose -5*w = -0*l - 4*l - 32, 3*l + 5*w - 11 = 0. Let g be (25/15)/(l/18*-1). Suppose g - 53 = -u. What are the prime factors of u?
43
Let u = -17350 + 45115. What are the prime factors of u?
3, 5, 617
Suppose 14*l + 47*l - 549 = 0. Let k = 2 - -3. Suppose y - 101 = -3*f - l, -k*y + 57 = 2*f. List the prime factors of f.
31
Let d be (-36)/18 - (0 + 4). Let a be (-2 + (-2 - -5))*d. What are the prime factors of -2*(-2)/a*-219?
2, 73
Let a(h) = 57*h**2 - 3*h + 34. Let i be a(5). Suppose i = 3*v - 0*g - 5*g, 0 = 5*v + 2*g - 2448. List the prime factors of v.
2, 61
Suppose 16*j - 20*j = -320. Let t = 70 + j. What are the prime factors of t?
2, 3, 5
Suppose 7454 - 103214 = -16*g. What are the prime factors of g?
3, 5, 7, 19
Let o = -23454 - -36339. What are the prime factors of o?
3, 5, 859
Let n(f) = 10*f - 67. Let b = 81 + -74. Let k be n(b). Suppose 2*t = 4*t - k*v - 248, 5*t + 3*v = 641. List the prime factors of t.
127
Let s(d) be the second derivative of -1/12*d**4 - 14*d + 2*d**3 + 2*d**2 + 0. List the prime factors of s(6).
2, 5
Let h = 9 - 28. Let s(o) = -o**3 + 24*o**2 - 25*o + 41. Let d be s(23). Let c = d - h. List the prime factors of c.
2, 7
Suppose 0 = 3*r + 4*g - 4926 + 366, -3*g = -18. List the prime factors of r.
2, 3, 7
Let b = -39 - -38. Let z be 5*b*(-9)/(-15). What are the prime factors of (-15)/5 + 38*z/(-6)?
2
Suppose 23 - 29 = 2*t. Let r(d) = -174*d + 7. Let k be r(t). Suppose 4*m - k - 403 = 0. List the prime factors of m.
233
What are the prime factors of 13 + -2 + -51*(-11905)/15?
2, 3, 7, 241
Suppose 2*b - 44 = 5*c, -6*c + 11*c - 5*b = -50. What are the prime factors of (-27 + c)/5*-62?
2, 7, 31
Let h(k) be the third derivative of -k**4/6 + k**3/3 + 18*k**2. Let p be h(0). Let n(g) = 31*g**2 - 1. List the prime factors of n(p).
3, 41
Let z(s) be the second derivative of -94*s**3/3 - 33*s**2 - 186*s. List the prime factors of z(-6).
2, 3, 59
Suppose -13 + 53 = 10*v. Suppose -3*p + 5*o = 2*p - 510, 0 = 3*p + v*o - 341. What are the prime factors of p?
107
Let z = 29 + -63. Let t(i) = -115*i - 645. Let m be t(-6). Let y = m + z. What are the prime factors of y?
11
Suppose -9*w - 14 = -16*w. Suppose -16 = w*r - 134. Suppose -3*s + 191 = 3*t - t, -s = 3*t - r. What are the prime factors of s?
5, 13
Let z(m) = 5*m + 20. Let l be z(-3). Suppose 0 = l*c - 2*c - 573. Let h = 1 + c. What are the prime factors of h?
2, 3
Let j be -732*4/(-6) - -1. Suppose -5*t + 825 = -3*n, 4*t - j = t + 3*n. List the prime factors of t.
2, 3, 7
Suppose 3*d = -522*p + 527*p - 67186, -3*p + 40300 = 4*d. What are the prime factors of p?
2, 3359
Let l(g) = g**3 - 14*g**2 + 18*g - 25. Suppose -6 = -3*s, -2*b + 30 = 2*s - 0*s. List the prime factors of l(b).
2, 5
Suppose -8*g + 17334 = -5130. List the prime factors of g.
2, 3, 13
Suppose -16807 = -12*k + 70757. List the prime factors of k.
